*r - 2*n + 479, -3*n - c = -r. List the prime factors of r.
2, 3, 5
Let f(k) = 26*k - 71. Let s be f(-18). Let m = s - -1174. List the prime factors of m.
5, 127
Suppose -123*f - 641165 = -1793398 - 483544. What are the prime factors of f?
3, 11, 13, 31
Suppose 0 = 28*l - 790286 + 290968 - 197518. What are the prime factors of l?
41, 607
Suppose -9*h - 98608 = -5*k - 6*h, -k + 19724 = -h. List the prime factors of k.
2, 9859
Suppose -1437 + 393 = 9*b. Let t = b + 206. List the prime factors of t.
2, 3, 5
Suppose k + 559*i - 672 = 564*i, -4*k + 2*i + 2760 = 0. What are the prime factors of k?
2, 173
Let q be (1008/196)/(2/14). Suppose 4*a + 4*u + q = 904, -3*u = -4*a + 861. List the prime factors of a.
2, 3
Let t(f) = 2*f**2 - f + 34. Let h = 1 + -1. Let x be t(h). Suppose -4*g + 112 = 3*s + 26, 2*s - 2*g = x. List the prime factors of s.
2, 11
Let m(n) = -408*n + 385. List the prime factors of m(-23).
9769
Suppose -2*t - 55 = -5*c - 0*c, -2*c + 2*t + 28 = 0. List the prime factors of 935/c + 20/180.
2, 13
Suppose -5*x = -2*n + 7*n - 2185, 5*x + 1271 = 3*n. Let h = n + -238. Let q = h - 60. What are the prime factors of q?
2, 67
Let a(f) = -f**3 + 34*f**2 + 17*f + 90. Let q be a(26). Suppose 4*l + q = 22*l. List the prime factors of l.
2, 3, 5, 11
Let i(p) = 4*p - 32. Let a be i(-8). Let k = -24 - a. Suppose z + k = 44. List the prime factors of z.
2
Let c = -315 - -288. List the prime factors of 3*-3*3075/c.
5, 41
Suppose 0 = 32*r - 27*r - 5*f - 210165, -4*r + 168096 = 5*f. What are the prime factors of r?
13, 53, 61
What are the prime factors of ((-72)/(-42) - 2) + 1/7*23179?
7, 11, 43
Suppose 16*c + 13640 = 18*c. Suppose -14*d + c = -3*d. List the prime factors of d.
2, 5, 31
What are the prime factors of (21 - 558195/(-121)) + (-2)/11?
2, 7, 331
Let d(u) = -u**3 - 21*u**2 - 37*u + 19. Let g be d(-19). Suppose 3*o - 6*o - 3*j + 918 = g, -3*j - 1490 = -5*o. What are the prime factors of o?
7, 43
Let q = 57835 + -14645. List the prime factors of q.
2, 5, 7, 617
Suppose 2*x = g + 194, -23*g + x = -21*g + 373. Let s = g + 306. What are the prime factors of s?
2, 61
Let t = -331 + 606. Suppose 0 = -9*m - t + 2120. What are the prime factors of m?
5, 41
Let k(t) = t**3 - t**2 + 4*t + 6. Let b(j) = -2*j - 16. Let o be b(-17). Suppose o = 5*d - 2*u, -5*d + 25 = 4*u + u. What are the prime factors of k(d)?
2, 5, 7
Suppose -g + 27611 = 2*s, -55702 = -5*g - s + 82344. List the prime factors of g.
3, 9203
Let x(j) = -44 - 13*j + 118 + 90. List the prime factors of x(-17).
5, 7, 11
Suppose 2*j + 150 = -5*b + 408, -257 = -5*b - 3*j. What are the prime factors of b?
2, 13
Let l be (1 - 4)/3 - -9. Let u = -1124 - -1129. Suppose -u*h = -l*h + 177. List the prime factors of h.
59
Suppose 0 = -3*g + 55 + 17. Let c be ((-78)/g)/((-2)/136). Suppose 5*r - 3*l - c - 601 = 0, 5*r + 5*l = 790. What are the prime factors of r?
2, 3
Suppose 2*j + 2*j = -208. Let x = j - -57. Suppose -95 = -x*s - 3*r, 19 = s - r - 0*r. List the prime factors of s.
19
Let i(d) = d**2 - 2*d - 140. Let h(r) = r**2 + 41*r - 143. Let v be h(-44). List the prime factors of i(v).
3
Suppose 4*a - 41 - 25 = -2*n, -4*a - 69 = -3*n. Suppose -n*h = -32 - 616. List the prime factors of h.
2, 3
Suppose 2*w + 3*w = f - 24, 0 = 3*f - w - 16. Let v be f/14 + 5360/56 + 0. Let n = v - 51. What are the prime factors of n?
3, 5
Let b be 7 + -4 + 3 + -3. Suppose -b*t - 1588 = 3*m - 2*m, -8 = -4*m. What are the prime factors of (0 - -2)/((-20)/t)?
53
Suppose -3*w + 3*d = 360, -3*w - 3*d - 473 = w. Let l = -119 - w. Suppose r - 3*r + 164 = a, l = 5*a + r - 856. What are the prime factors of a?
2, 43
Suppose 2*o + 5*l = -17, 10*l - 37 = -3*o + 15*l. Let c(x) be the second derivative of 7*x**4/12 - x**3/6 + 15*x**2/2 - x. List the prime factors of c(o).
3, 41
Suppose 5*y = -4*y + 5301. Let h = y + -326. List the prime factors of h.
263
Let h(l) = -2*l**2 + 45*l - 16. Let k be h(12). Suppose r = 5*o - 3875, -o - k + 995 = 3*r. List the prime factors of o.
2, 3, 43
Let i = 5947 - -5207. List the prime factors of i.
2, 3, 11, 13
Suppose -17387 = 3*i - 109280. List the prime factors of i.
30631
Let m be 3/(((35/(-5))/(-14))/(-1)). Let s(r) = 1. Let d(i) = -15*i - 4. Let x(h) = 3*d(h) + 6*s(h). What are the prime factors of x(m)?
2, 3, 11
Suppose -6*z - 24 = -66. Suppose 4*a + z = -5, 4*h - 19 = 5*a. Suppose 5 = -2*n - 2*k + 305, h = -k. List the prime factors of n.
151
Let p = 153018 - 105198. What are the prime factors of p?
2, 3, 5, 797
Let l be 2 + 1976 - (-1 - -4). Suppose 6*k - l + 289 = 0. List the prime factors of k.
281
What are the prime factors of (-3 + -4665)*((-1)/3)/(1/43)?
2, 43, 389
Let h = 2791 - -7140. What are the prime factors of h?
9931
Suppose w - 3*w - 16 = 0. Let f be (295 - 1)*w/(-16). Suppose 5*k - f = 2*u + 192, 2*u = -5*k + 331. What are the prime factors of k?
67
Suppose 3*u + 5*l - 21 = 0, -u - 12*l = -7*l - 17. Suppose -m - u*m = -1239. What are the prime factors of m?
7, 59
Let c be 1 - -3 - (94 - -3). Let f = c + 297. List the prime factors of f.
2, 3, 17
Suppose 6 = -2*u - 0*o - 3*o, -3*u = -o - 13. Suppose -2*z - u*f + 1095 = z, f = -2*z + 733. List the prime factors of z.
2, 23
Let j = 74 + 3. Let o = -131 + j. Let q = o + 118. List the prime factors of q.
2
Suppose -20*q - 3*f = -21*q + 16, 4*f = -q + 9. Let h(c) = c + 1. Let t(g) = -10*g + 36. Let r(s) = h(s) - t(s). List the prime factors of r(q).
2, 3
Let q be (4 - -1)/(1 + 0). Suppose 4*m + 112 = 4*z, -2*m = q*z - 6*m - 140. Suppose t + 4*c = 54, 4*c + z + 150 = 3*t. What are the prime factors of t?
2, 29
Suppose -5*h + 2*c = -2*c - 16, 2*h = 3*c + 12. List the prime factors of -4 - -415 - (-3 + h).
2, 3, 23
Let k(b) be the first derivative of -215*b**2/2 - 130*b + 118. What are the prime factors of k(-3)?
5, 103
Let y(l) = -30*l + 5. Let j be y(-5). Suppose -3*f - 254 = -i, -430 = 5*f + 2*i - 7*i. Let b = j + f. What are the prime factors of b?
71
Let u(y) = 9*y**3 - 33*y**2 + 55*y + 113. List the prime factors of u(11).
2, 17
Let l be 9/(27/(-12)) - 0. Let o(t) = 14 - 28 - 12 - 11*t. What are the prime factors of o(l)?
2, 3
Suppose y + 27 = -4*m, 3*y + 4*m - 33 = -90. Let z = y + 17. Suppose z*l - 227 = -3*d, -3*l + 26 + 309 = -d. What are the prime factors of l?
2, 7
Let y(k) = 8 + 4*k - 2*k + 2 - 4. Let z be y(3). What are the prime factors of (36/(-27))/((-2)/z)?
2
Let h(c) be the second derivative of -c**4/12 + 5*c**3/3 + 5*c**2 + 85*c. What are the prime factors of h(10)?
2, 5
Suppose 5*k - 4223 = 3*j + j, -2*j + 1700 = 2*k. List the prime factors of k.
7, 11
Let m be (0 - 4) + 16*(-9)/(-36). Suppose m = -50*v + 43*v + 2422. List the prime factors of v.
2, 173
Let q be (-142)/(-923) + 2/52*8914. Suppose 126 = -337*h + q*h. List the prime factors of h.
3, 7
Suppose 0 = 72*b + 6*b + 20*b - 1246854. What are the prime factors of b?
3, 4241
Suppose -4*b + 1558 = 5*t, -3*t - b + 927 = 4*b. Suppose 0 = 3*c - 3146 + t. List the prime factors of c.
2, 59
Suppose -2142 = 17*c + 2771. Let i = c - -537. List the prime factors of i.
2, 31
List the prime factors of 242/(-77)*(-68705)/26.
5, 11, 151
Let r be (-5)/((17 - 18)/(0 + 1)). Suppose -z = -2*p - 182, -5*z + r*p + 713 = -z. List the prime factors of z.
2, 43
Let y(b) be the second derivative of b**4 + 3*b**3/2 - 4*b**2 - 118*b. List the prime factors of y(7).
643
Let o = 20 - 16. Suppose 7*d + 17 + o = 0. List the prime factors of d*(-4 + 116/(-12)).
41
Suppose -5*o - 2*p = -978, 3*o - 3*p + 110 = 680. Suppose 0*v + o = v - 3*m, 0 = 4*v + m - 828. What are the prime factors of 2 - 2/(-4)*v?
3, 5, 7
Let k = 417 + 354. Let l = k - -791. List the prime factors of l.
2, 11, 71
Let s(n) = -n**3 - 7*n**2 + 3*n - 14. Let a be s(-6). List the prime factors of -1 + ((-6511)/a)/((-2)/(-8)).
2, 191
Let c be 7 + (1 - 4) + -786 + 7. Let t = c + 1391. What are the prime factors of t?
2, 7, 11
Let n(t) = -2*t**3 - 6*t**2 - 18*t - 4. Let o = -58 + 99. Let k = -45 + o. What are the prime factors of n(k)?
2, 5
Let n = -18503 - -37976. List the prime factors of n.
3, 6491
Suppose -i + 5*i = 0. Suppose 5*y - 4*s = -32, 2*y + 6 = -i*y + 5*s. Let g(n) = -14*n + 13. List the prime factors of g(y).
5
Suppose 0 = 4*f - p - 9042, 4*p + 11 - 19 = 0. Suppose -4*d = -4*u + 1820, 3*d - f = -5*u + d. 